 21422 = -7702. Suppose -6*l = p - l - 2260, l + g = 3*p. Is p a prime number?
False
Suppose -4*b + 3*g = -4259, 5*b + g - 2*g = 5310. Is b composite?
False
Suppose 2*y - 592 = -3*j, -3*y = -5*j - y + 992. Suppose 0 = -x + j + 88. Suppose 32 = 2*z - x. Is z composite?
True
Suppose 3*a - 4*r - 641487 = 0, -7 = 5*r - 22. Is a a prime number?
True
Let w(x) = -x**3 + 4*x**2 + 10*x + 6. Let t = 15 + -10. Let z be w(t). Let y = -20 + z. Is y prime?
True
Let r(i) = i - 1. Let m be r(2). Let s be m - (-2 + -4 + 4). Suppose -s*c = 5*w - 4*w - 308, -5*w + 1440 = -5*c. Is w composite?
False
Let u be 3/(-2) - (-33393)/(-12)*-2. Let y = -3799 + u. Is y a prime number?
False
Let x(u) = 5*u**2 - 14*u - 132. Is x(-25) a composite number?
False
Let s be 3*1/3*244. Suppose -5*q - 1 = -11. Suppose 6*a - q*a + 274 = 2*i, 0 = -2*i - 2*a + s. Is i composite?
False
Let m(w) = w. Let i be m(2). Suppose -8*a - 60 = 12*a. Is 221 + -2*(a + i) prime?
True
Is ((-111)/15)/((-1)/95) composite?
True
Let x(f) = -491*f + 79. Is x(-12) composite?
True
Let y(l) be the first derivative of 200*l**4 - l**3/3 + l**2 - 2*l + 17. Is y(1) composite?
True
Let b(d) = 3586*d**2 + 1. Is b(-1) a prime number?
False
Suppose 0*u = u - 342. Suppose -2*k + 1160 = -u. Is k a prime number?
True
Suppose -8899 = -2*u - 3*u - 4*d, 3*d = -3*u + 5340. Is u a composite number?
True
Suppose 0*l - l = 2*u - 2030, -2*l + u + 4050 = 0. Let r = l + -1155. Is r prime?
False
Let t(j) = 174*j + 3. Let y(n) = -n**2 - 4*n + 5. Let a be y(-4). Let x(q) = q**2 - 2*q - 11. Let w be x(a). Is t(w) a prime number?
False
Let i(a) be the first derivative of -3*a - 4 + 61/2*a**2. Is i(2) a prime number?
False
Suppose -172*c = -170*c - 8402. Is c prime?
True
Let t(h) = -17*h**2 + 11*h + 10. Let a(c) = 19*c**2 - 12*c - 10. Let d(j) = -5*a(j) - 6*t(j). Let x(f) = -f**2 + 6*f - 2. Let i be x(4). Is d(i) a prime number?
False
Is -4 + 4/((-12)/(-19275)) composite?
False
Suppose 0 = -2*u - 2*v - 0*v + 6982, 5*v - 10469 = -3*u. Is u prime?
False
Let g(t) = t**2 + 4*t + 1685. Suppose 5*b - 6*b = 18*b. Is g(b) prime?
False
Let d(y) = y**2 - y - 13. Let x(v) = v**2 + 12*v - 10. Let n be x(-12). Is d(n) prime?
True
Suppose -5*y = -6*y + 191. Suppose -3*h + u = 2*h - 955, 0 = -h + 3*u + y. Is h a prime number?
True
Let u = -2993 + 4378. Is u prime?
False
Suppose 11*l = 14*l - 567. Is (-1 - -1) + l + -2 a composite number?
True
Let h = -6878 - -15391. Is h a composite number?
False
Let x be (-6)/4*(-19 + 1). Suppose -19*w = -13*w - 1596. Suppose -x = -l + w. Is l composite?
False
Suppose 0 = x + 4*l - 35837, 4*l + 42696 + 64751 = 3*x. Is x a prime number?
False
Let m(q) = -5*q. Suppose -13 = -2*g + 3*t - 6*t, -g = -2*t + 11. Let z be g/1*-1*-3. Is m(z) composite?
True
Suppose 0*z - z + 2 = 0. Suppose -c = -6*c + 3*b + 3843, 0 = z*c + 3*b - 1554. Let j = -437 + c. Is j a composite number?
True
Let k(z) = 306*z**3 - 2*z**2 - 5*z + 7. Is k(2) composite?
False
Suppose 3*b = -4*q - 0*q + 73, 24 = b + q. Let n = b - 91. Let g = 153 + n. Is g a composite number?
True
Let l = -79 + 126. Suppose l = -6*r + 569. Is r prime?
False
Let u = -5418 + 10529. Is u a composite number?
True
Let h(z) = 515*z + 13. Is h(6) a composite number?
True
Let g(j) = -j - 38. Let y be g(7). Let w = y - -1483. Is w composite?
True
Let f = -105070 - -210401. Is f prime?
True
Suppose -6*v - s = -8*v + 10416, 10418 = 2*v - 2*s. Is v a prime number?
False
Let m = 33476 - -3661. Is m composite?
True
Let h = -47 - -49. Is h/(-12) - (-1112)/48 a prime number?
True
Let v(y) = 710*y + 9. Let i be v(-3). Let p = 3691 + i. Suppose 0 = 11*s - 6*s - p. Is s composite?
True
Let o = 2683 + 1114. Is o composite?
False
Let n(w) = -w**2 - w - 1. Let l(g) = -41*g**2 - 1. Let v(m) = -l(m) - 3*n(m). Is v(3) a prime number?
True
Suppose 0 = 10*a - 87 - 33. Suppose a*w - 1095 = 7*w. Is w a composite number?
True
Let l(x) = 1915*x**3 - 13*x**2 + 20*x + 3. Is l(2) a prime number?
False
Let n(j) be the second derivative of -j**5/20 + 13*j**4/12 + 2*j**3 - 5*j**2/2 + 4*j. Is n(10) a composite number?
True
Let c(b) = -2*b**2 + 23*b - 11. Let i be c(11). Suppose i = f + 3*f - 7556. Is f a prime number?
True
Let o = -20198 + 123513. Is o prime?
False
Suppose 0 = 6*k - 318 - 90. Let z = -25 + k. Is z a composite number?
False
Let s(o) = 12*o**2 - 56*o - 25. Is s(24) a composite number?
True
Let z be 3/(-6)*9144/(-3). Suppose -o - z = -5*o. Suppose 0*f - o = -3*f. Is f prime?
True
Let l be 10/25*(-5)/(-2). Suppose p - 2 - l = 0. Suppose 0*c = 3*c, -p*h + 21 = -3*c. Is h a composite number?
False
Let j(p) be the second derivative of -p**5/20 + 5*p**4/6 + p**3/6 - 5*p**2 + 14*p. Let q be j(10). Suppose -4*v = -q*v - 212. Is v a composite number?
False
Let q be (-488)/(-24) - 2/6. Suppose -2*r + 337 = d, 2*r - q = -2*r. Is d a prime number?
False
Let m = -44 - -46. Is (0 + 0 - (1089 - m))/(-1) composite?
False
Let p = 42 - 39. Suppose -c = p*a - 68 - 317, -3*c + 1131 = -3*a. Is c prime?
True
Let m = 8 + 0. Let f = -610 - -610. Suppose f = -m*r + 4*r + 940. Is r composite?
True
Let a(q) = -q**2 + 10*q - 6. Let r be a(10). Let j = r + 13. Is j a prime number?
True
Let c(d) = 222*d**2 - 2*d - 3. Is c(-1) composite?
True
Let c be (-1 - -3 - 4) + -1. Let z = c + 8. Let n(j) = 3*j**2 + 2. Is n(z) composite?
True
Let x = 713 - -61. Let j be (44/(-6)*-3)/1. Is x/j - (-4)/(-22) a composite number?
True
Suppose 0 = 4*c - 766 - 11278. Is c a composite number?
False
Let v be 4668/18*(-6)/(-4). Suppose -6*t + v = -7921. Is t a composite number?
True
Let p be 1 + 63/(-13) - (-16)/(-104). Is (-53982)/(-42) - p/(-14) a prime number?
False
Let o(n) = 1950*n**2 - 31*n - 32. Is o(-1) prime?
True
Let u = -104 - -108. Suppose -u*p + 0*p + 6164 = 0. Is p prime?
False
Suppose 4*y = 5*x + 70, 3*y - 2*y + 5*x = 5. Let v be 676/10 - (-6)/y. Suppose 4*m - 832 + v = 0. Is m composite?
False
Let u(c) = 64*c**2 - 23*c - 178. Is u(-7) prime?
True
Suppose 2*y = 6912 + 1870. Is y composite?
False
Let d be 2/(-3)*(-380 - 1). Let c be (3/(1/(-1)))/(-1). Suppose -d = i - c*i. Is i a composite number?
False
Let d(b) = -2*b - 6. Let n(o) = 5*o + 13. Let m(l) = 13*d(l) + 6*n(l). Let z be m(-2). Is (-740)/(-6) - z/(-24) composite?
True
Let b(u) = 8*u**2 - 14*u - 20. Let l be b(-19). Suppose 20 = 2*d - l. Is d a composite number?
True
Suppose -21*r + 23*r - 11474 = 0. Is r a composite number?
False
Let v = -294 - -481. Let l be 4/18 + 16512/54. Let x = l - v. Is x prime?
False
Let v(o) = 2*o**3 - 16*o**2 + 14*o - 8. Let j be v(10). Let h = 929 - j. Is h prime?
True
Suppose -16*f = 5*f + 378. Is (f/(-54))/((-1)/(-417)) prime?
True
Let b = -1400 + 4483. Is b a prime number?
True
Suppose 4*u - 2*h - 4794 = 0, 0 = -5*u - 5*h - 5 + 6035. Is u a prime number?
True
Let q(p) = 337*p + 288*p + 13 - 34 + 22*p. Is q(14) composite?
True
Let j = 213 - 49. Let x be (j/(-8))/(2/4). Let l = 90 - x. Is l prime?
True
Suppose -2*h - 2*h + 24988 = 0. Is h a composite number?
False
Suppose -1652 = -5*y + 6*y - 5*u, 2*y + u = -3271. Let x = -886 - y. Is x composite?
False
Suppose 0 = 2*s - 4*m - 510, -4*s + 2*m + 1270 - 262 = 0. Is s prime?
True
Suppose 0 = r - 2*g - 7879, 4*g - 9689 = -r - 1810. Let s = r + -4901. Is s a composite number?
True
Let n = 18 + -15. Suppose 0 = 2*x - j - n - 4, -5*x + 2*j = -17. Suppose -5*z = -6*l + x*l + 712, -z = l - 240. Is l prime?
True
Let x(p) = 4383*p + 16. Is x(3) composite?
True
Is (-1 - -2)/((-6)/(-59862)) prime?
False
Let s be (-40)/(-6)*6707/95*6. Let z = 3548 - 5485. Let v = z + s. Is v composite?
False
Let h(n) = -6*n + 7. Suppose 4*f + 2*x + 14 = -0*x, 11 = -4*f - 3*x. Let t be h(f). Let o = t + 300. Is o composite?
False
Suppose 1210 + 1343 = 3*p. Is p a prime number?
False
Let h(p) = -3*p**3 - 5*p**2 - 2*p - 1. Let w(r) = 0 + 2*r + 4*r**3 + 5*r**2 + 1 - 5*r + 5*r. Let b(j) = -5*h(j) - 4*w(j). Is b(4) a prime number?
False
Let b(v) = -66*v - 19. Suppose 9*y = -103 + 40. Is b(y) a composite number?
False
Suppose 3*d = -3071 + 12734. Is d composite?
False
Let u(v) = -3517*v + 52. Is u(-5) a composite number?
True
Let w = 8 - 4. Suppose -2*a - 80 = -w*z, -5*a + 116 = 3*z + 30. Suppose -z = -3*n + 47. Is n prime?
True
Is (-5 - -6)*(2 - -10553) a composite number?
True
Suppose -63 = -7*i + 2184. Suppose -t + i = 5*